{"id":5,"date":"2024-10-15T17:04:25","date_gmt":"2024-10-15T15:04:25","guid":{"rendered":"http:\/\/studiosacroix.fr\/?page_id=5"},"modified":"2024-10-15T17:05:36","modified_gmt":"2024-10-15T15:05:36","slug":"studio-sacroix","status":"publish","type":"page","link":"http:\/\/studiosacroix.fr\/","title":{"rendered":"Studio Sacroix"},"content":{"rendered":"\n<p>Marie Lacroix &amp; Nils Savoye forment le Studio Sacroix, un espace de cr\u00e9ation entre photographie, th\u00e9\u00e2tre, reliure et documentaire. A l&rsquo;image de l&rsquo;amour qui les unit depuis six ans, il y a cette volont\u00e9 de toujours innover en m\u00e9langeant leurs sensibilit\u00e9s et pratiques. <\/p>\n\n\n\n<p>Tout a commenc\u00e9 en 2020 par un livre paru aux \u00e9ditions L&rsquo;Escamoteur o\u00f9 Nils photographie Marie qui raconte l&rsquo;histoire d&rsquo;un alphabet manuel l\u00e9gu\u00e9 de m\u00e8res en filles depuis plusieurs g\u00e9n\u00e9rations. <\/p>\n\n\n\n<p>En Belgique depuis 2021, ils ont particip\u00e9 \u00e0 une r\u00e9sidence au Centre Culturel de Namur o\u00f9 ils ont d\u00e9velopp\u00e9 un projet autour de l&rsquo;amour dans les rues de la ville, entre documentaire et fiction, m\u00e9langeant histoire orale, photographie argentique et courts r\u00e9cits.<\/p>\n\n\n\n<p>La suite vient petit \u00e0 petit, de mani\u00e8re sporadique. Nils s&rsquo;est inscrit en reliure \u00e0 l&rsquo;acad\u00e9mie des Beaux-Arts de Saint-Gilles et ils produisent ainsi des livres \u00e0 quatre mains. Marie est sortante de l&rsquo;INSAS en dramaturgie et elle lui fait relire ses textes. De mani\u00e8re officielle comme officieuse, ce Studio se veut donc le prolongement artistique d&rsquo;un amour multiforme qui se r\u00e9invente au fil du temps.<\/p>\n","protected":false},"excerpt":{"rendered":"<p>Marie Lacroix &amp; Nils Savoye forment le Studio Sacroix, un espace de cr\u00e9ation entre photographie, th\u00e9\u00e2tre, reliure et documentaire. A l&rsquo;image de l&rsquo;amour qui les unit depuis six ans, il y a cette volont\u00e9 de toujours innover en m\u00e9langeant leurs sensibilit\u00e9s et pratiques. Tout a commenc\u00e9 en 2020 par un livre paru aux \u00e9ditions L&rsquo;Escamoteur [&hellip;]<\/p>\n","protected":false},"author":1,"featured_media":7,"parent":0,"menu_order":0,"comment_status":"closed","ping_status":"closed","template":"","meta":{"footnotes":""},"class_list":["post-5","page","type-page","status-publish","has-post-thumbnail","hentry"],"_links":{"self":[{"href":"http:\/\/studiosacroix.fr\/index.php\/wp-json\/wp\/v2\/pages\/5","targetHints":{"allow":["GET"]}}],"collection":[{"href":"http:\/\/studiosacroix.fr\/index.php\/wp-json\/wp\/v2\/pages"}],"about":[{"href":"http:\/\/studiosacroix.fr\/index.php\/wp-json\/wp\/v2\/types\/page"}],"author":[{"embeddable":true,"href":"http:\/\/studiosacroix.fr\/index.php\/wp-json\/wp\/v2\/users\/1"}],"replies":[{"embeddable":true,"href":"http:\/\/studiosacroix.fr\/index.php\/wp-json\/wp\/v2\/comments?post=5"}],"version-history":[{"count":1,"href":"http:\/\/studiosacroix.fr\/index.php\/wp-json\/wp\/v2\/pages\/5\/revisions"}],"predecessor-version":[{"id":8,"href":"http:\/\/studiosacroix.fr\/index.php\/wp-json\/wp\/v2\/pages\/5\/revisions\/8"}],"wp:featuredmedia":[{"embeddable":true,"href":"http:\/\/studiosacroix.fr\/index.php\/wp-json\/wp\/v2\/media\/7"}],"wp:attachment":[{"href":"http:\/\/studiosacroix.fr\/index.php\/wp-json\/wp\/v2\/media?parent=5"}],"curies":[{"name":"wp","href":"https:\/\/api.w.org\/{rel}","templated":true}]}}